der when 44 is divided by q.
20
What is the remainder when 32/(-40)*10 - -2142 is divided by 69?
64
Suppose u = -3*t + 14, 0 = -2*u + 9*t - 10*t + 13. Suppose 4*a - 535 = -4*h + 277, 0 = u*h - 20. What is the remainder when a is divided by 30?
19
Calculate the remainder when (33596/592)/(1 - (1 + 3/(-12))) is divided by 107.
13
Suppose 0*u - 7*u = -476. Suppose 449 - 49 = 5*f. Suppose -3 + f = 11*y. What is the remainder when u is divided by y?
5
Let n = -175 - -183. Suppose -140 = -n*x + 676. Calculate the remainder when x is divided by 35.
32
Let o = -382 - -551. What is the remainder when 170 is divided by o?
1
Calculate the remainder when 2*(4347 + -1) - (17 + -17)/4 is divided by 54.
52
Let w = -62 - -43. Let z be 24/(-3)*(-368)/64. Let l = z + w. Calculate the remainder when l is divided by 7.
6
Let r(o) = -55 - 337*o**2 + 339*o**2 + 3 + 3*o. What is the remainder when r(-8) is divided by 20?
12
Suppose 28*h + 468 = -11*h. Suppose 3*l + 9 = 48. What is the remainder when l is divided by 20/h*(-96)/20?
5
Let g be (-2 + 2)/(-3 + 1). Calculate the remainder when 20 + g/(-2) - -1 is divided by (-297)/(-36) - (-1)/(-4).
5
Let g = 11467 - 11323. What is the remainder when g is divided by 40?
24
Let v = 11010 + -8807. Calculate the remainder when v is divided by 45.
43
Suppose -4*b + 5*b - 16 = 0. Suppose -5*d + 1125 = -2*o, -928 = -7*d + 3*d - 4*o. Let x = -217 + d. Calculate the remainder when b is divided by x.
6
Let q = 67 + -85. Let s be -596 + 1 + (-18 - q). Let y = -360 - s. Calculate the remainder when y is divided by 14.
11
Let n(b) = -137*b - 10090. What is the remainder when n(-97) is divided by 146?
133
Let q = -96333 - -96392. What is the remainder when q is divided by -1 + (50 - 0)/2?
11
Let r(m) = 6*m**2 - 55*m - 32. Suppose 3*i + 44 = -4*v + 228, 8 = 2*v. Calculate the remainder when i is divided by r(-1).
27
Calculate the remainder when (-4 - 0)*(-45)/((-180)/(-6304)) is divided by 119.
116
Suppose 4*d - 16 = -2*i + 18, -5*d = 2*i - 32. What is the remainder when 70 is divided by i?
7
Let s be -6 + (-1 + -1 - -12). Suppose -2*i = 3*m - 234, -29*m + 30*m + s = 0. What is the remainder when i is divided by 42?
39
Let r = -15103 - -15469. Calculate the remainder when r is divided by 358.
8
Suppose 3*v = 5*y + 388 - 2422, -3*v + 6 = 0. Let o = -389 + y. What is the remainder when 94 is divided by o?
18
Let w(a) = 10*a + 9. Let y(s) = 2*s + 2. Let f(j) = w(j) - 4*y(j). Calculate the remainder when 25 is divided by f(2).
0
Let m(n) = -n**2 - 19*n - 32. Let c(h) = h**2 + 13*h + 19. Let l be c(-13). Let w = 6 - l. Calculate the remainder when m(w) is divided by 25.
21
Let t(m) = 16*m + 7*m - 60*m + 21*m - 81. What is the remainder when t(-41) is divided by 32?
31
Suppose -20*h + 1325 = 33*h. Calculate the remainder when 68 is divided by h.
18
What is the remainder when 1/(-13 - (-73120)/5624) is divided by 341?
21
Let a be (3 + 35/(-14))/((-1)/(-124)). Suppose a*d + 691 = 3667. What is the remainder when 427 is divided by d?
43
Suppose 5*r + 2 = 4*r. Let x be -64 - ((2 - -1) + r + 3). What is the remainder when (-2 - (-1 - -1))/(x/2414) is divided by 38?
33
Let m = -165 - 430. Let v = 611 + m. Calculate the remainder when 108 is divided by v.
12
Let w(a) = a**2 - 3*a - 62. Let y be w(-8). Suppose 4*l = -5*p + 206, -3*p + 3*l + 76 = -y. Let o = 270 - 120. What is the remainder when o is divided by p?
36
Suppose 4*a - 3*a - p - 76 = 0, -3 = -p. Calculate the remainder when (-21 + 0)/((-136)/2040) is divided by a.
78
Suppose 148 - 948 = -10*z. Let s = z + -27. Calculate the remainder when s is divided by (12/(-14))/(2/(-42)).
17
Let m(v) = -v**2 + 9*v + 10. Let s be m(10). What is the remainder when 90/270 - 5/(-3) is divided by s - (-3)/(3/2)?
0
Suppose -5*i + 3*f = -12, -16 = -5*i - f - 0*f. Let x(q) = 15*q**2 + 8*q - 23. Calculate the remainder when x(i) is divided by 47.
42
Let u = -3736 - -4234. What is the remainder when u is divided by 493?
5
Let p(h) = -9*h. Suppose -3*s + 5*m = -38, -2*s - 3*s + 50 = -5*m. Suppose -4*v - s = 2. Calculate the remainder when p(v) is divided by 3.
0
What is the remainder when 2703 is divided by (-1370)/(-110) + -13 + (-5446)/(-22)?
233
Suppose w - 2951 = y, -2*w - 897 = -5*y - 6817. Calculate the remainder when w is divided by 67.
64
What is the remainder when (-5 - (11 - 7)) + 509 + 3 is divided by 76?
47
Suppose 2*c = 0, -5*u - 971 - 1014 = 5*c. Let k = -109 - u. Calculate the remainder when k is divided by 75.
63
Suppose -3*z + 310 - 289 = 0. Let w(j) = -4*j**2 + 38*j - 24. What is the remainder when w(z) is divided by 20?
6
Suppose 1945 = 58*a - 10417 - 22902. Calculate the remainder when 616 is divided by a.
8
Let p(f) = -f**3 + 14*f**2 - 2*f + 4. Let j be p(14). Let x = 67 + j. Calculate the remainder when x is divided by 22.
21
Let m(s) = 536*s - 12610. What is the remainder when m(83) is divided by 10?
8
Calculate the remainder when 1539 is divided by (420/24 + -17)*34.
9
Suppose 3*c + 147 = f, 149 = -f + 2*f - 2*c. Calculate the remainder when f is divided by (3 + 1)*(-507)/(-364)*7.
36
Suppose -3*x = 3*v - 213, 5*x = -v - 3*v + 283. Suppose g + 20 + 1 = 2*b, -20 = 4*b. Let f = v + g. What is the remainder when f is divided by 11?
8
Suppose 6*s = 5*x + s - 210, s + 1 = 0. Let i be 96 + 5/(5/4) + 0. What is the remainder when x is divided by i/4 + (-9 - -6)?
19
Let f(m) = -314*m - 2510. What is the remainder when 609 is divided by f(-9)?
293
Suppose 4*w = -4*z + 312, w - 2*z = 8 + 82. Suppose -5*k - 315 = 2*b + w, -4*b = -k - 97. Let v = k - -206. What is the remainder when v is divided by 42?
41
Suppose 246*a - 10135 = -227*a - 1381 - 240. What is the remainder when ((-10)/6)/((-1)/18) is divided by a?
12
Let w(n) = 3*n - 20. Let a be w(12). Suppose 2*g = -5*p - a + 95, 4*g = p + 125. What is the remainder when 125 is divided by (g/3 - 0)*3?
29
Suppose -4*h - 190 = -618. Let g be 928/(-24)*(-1 + (-2)/4). Let d = 85 - g. Calculate the remainder when h is divided by d.
26
Let q = 32 + -20. Suppose -333*m = -337*m. What is the remainder when 2 - (m - 42) - (-204)/34 is divided by q?
2
Suppose -80*m + 3*m + 55251 = -14*m. Calculate the remainder when m is divided by 89.
76
Let k = 33 - 20. Suppose 0 + 2 = w. Suppose -c + 13 = -5*h, 3*c = w*c + 4*h + 18. Calculate the remainder when c is divided by k.
12
Suppose -5*x = 4*b - 9*b - 840, 0 = -x - 4*b + 168. Let w be (-240)/2 - (15 - 17). Let m = w + x. What is the remainder when m is divided by 13?
11
Let v(n) = -6*n + 28. Let p be v(5). Let s be p - (3 + -4 + 49). What is the remainder when 98 is divided by (s/(-8) + -2)/((-14)/(-168))?
47
Suppose 10*r - 17*r - 980 = 0. Let g = r - -162. What is the remainder when 150 is divided by g?
18
Let g(a) = a**3 - 4*a**2 + a + 21. Calculate the remainder when 17853/363 + (-4)/22 is divided by g(0).
7
Let q = 279 + -267. Suppose q*x - 217 - 407 = 0. Calculate the remainder when x is divided by 17.
1
Suppose 4*l = -16, g = -g - 2*l - 760. Let d = g - -529. Suppose -v = 3*r - 23 - 7, -4*v - 5*r = -141. What is the remainder when d is divided by v?
36
Let t(d) = 4064*d**2 + 30*d - 39. What is the remainder when t(1) is divided by 1346?
17
Let t(i) = -19*i - 702. Let q(j) = 5*j + 175. Let w(a) = 9*q(a) + 2*t(a). Calculate the remainder when 95 is divided by w(-20).
2
Suppose -5*i - 20 = -2*t, 8*t - 4*t = -i + 18. Suppose -26 = -t*d + 14. Suppose d*r - 4*r + 156 = 4*w, 2*r = 4. Calculate the remainder when w is divided by 22.
19
Let y(r) = 4*r**2 + 32*r + 158. What is the remainder when 1687 is divided by y(-4)?
89
Suppose 5*l = 216 - 2986. Calculate the remainder when (-5 - -9) + (0 - l) is divided by 14.
12
Let o(x) = 2*x**3 + 12*x**2 + 14*x + 137. What is the remainder when 508 is divided by o(0)?
97
Suppose -3945*g + 7616 = -3881*g. Suppose 0 = -3*s + j + 75, -2*j = 3*s - 5*j - 75. What is the remainder when g is divided by s?
19
Let c be 12/6 - (-11 + 0) - -2. Suppose -14*b = -27 - c. Suppose -b*n = 2*i - 57 - 87, -65 = -n + 5*i. What is the remainder when n is divided by 14?
8
Suppose 4*s = 3*d + 32, -4*d = 5*s - 0*s - 40. Suppose 5*n + 44 - 189 = 0. Calculate the remainder when n is divided by s.
5
Let d(q) = -27*q + 38. Let g be d(-7). Let n = g + -186. Calculate the remainder when 195 is divided b